 Suppose 0 = -b + 29 - h. Calculate the remainder when b is divided by z(7).
10
What is the remainder when (0 - (-3)/(-1)) + (-336)/(-2) is divided by 42?
39
Suppose -4*k - 4*g = -360, g - 155 = -5*k + 291. Calculate the remainder when k is divided by 30.
29
Let w = -73 + 114. Calculate the remainder when w is divided by 15.
11
Suppose 5*i = -3*i + 1144. What is the remainder when i is divided by 48?
47
Let r be -1*(-1)/1 - -4. Let a(b) = b + 3. Let g be a(r). Calculate the remainder when 64 is divided by (g/6)/((-8)/(-132)).
20
Suppose -3*i + 8 = -28. Calculate the remainder when i is divided by 7.
5
Let c = -112 - -163. Suppose 4*h - 28 = -3*f + 23, 5*h - c = -3*f. Calculate the remainder when 48 is divided by f.
14
Let o be ((-9)/6)/((-3)/8). Suppose 5*r + o*f = 142, -r + 34 = -0*f - 2*f. Suppose 0 = 3*l - 7*l + 64. What is the remainder when r is divided by l?
14
Let b = 11 + -5. Let a(d) = 2*d - 4. Calculate the remainder when (1 - 17/(-1)) + -3 is divided by a(b).
7
Let a = 72 + -67. What is the remainder when a is divided by 3?
2
What is the remainder when (1 + -2)/((-11)/341) is divided by 16?
15
Let b(p) = 4*p. Let d be b(1). Suppose -d*v = -v - 6. What is the remainder when v is divided by 1?
0
Calculate the remainder when 1708/44 + (-14)/(-77) is divided by 10.
9
Suppose 3 = 4*h - 3*h. Let j(n) = 3*n - 1. Calculate the remainder when 22 is divided by j(h).
6
Suppose 9 = 3*d - 0. Suppose -l = -9 - d. Calculate the remainder when 22 is divided by l.
10
Suppose -49 = -3*u + 5*q, 3*q + 75 = 5*u - 2*q. Calculate the remainder when u is divided by 2.
1
Let n(q) = q**2 - 4*q + 27. What is the remainder when n(11) is divided by 15?
14
Let q(v) = 7*v**2 - 14*v - 27. Let f(i) = 4*i**2 - 7*i - 14. Let j(d) = -5*f(d) + 3*q(d). Calculate the remainder when j(10) is divided by 7.
5
Let v(f) = -f**3 + 12*f**2 - 9*f - 3. Suppose -4*c + 9 = -35. Calculate the remainder when v(c) is divided by 10.
9
Suppose -a + 2*w - 10 = 0, 5*a + 17 + 18 = 5*w. Let d(b) = 2*b**2 + 4*b + 3. What is the remainder when 55 is divided by d(a)?
17
Suppose 0 = -3*d - 2*m - 35, 5*d + 0*d = -4*m - 55. What is the remainder when ((-54)/d)/(2/5) is divided by 4?
1
Suppose -3*r - r + 32 = 0. What is the remainder when 22 is divided by r?
6
Let t = 70 - 20. Calculate the remainder when t is divided by 26.
24
Let i = 6 + 4. What is the remainder when 28 is divided by i?
8
Let y = 11 - 6. Suppose -y*w = -5 - 85. What is the remainder when 51 is divided by w?
15
Suppose 5*s = 4*m - 163, -6*m + 173 = -2*m + 5*s. What is the remainder when m is divided by 9?
6
Suppose y + 0*y + 3*x - 12 = 0, -x + 4 = -4*y. Suppose d - 4 - 9 = y. What is the remainder when d is divided by 5?
3
Let b(i) = -i**3 + 5*i**2 + 8*i - 5. Let m be b(5). Suppose -2*h - 7 - 15 = -2*z, -4*h = -3*z + m. What is the remainder when 16 is divided by z?
7
Let j(h) = -h**3 + 7*h**2 + 4*h - 6. Let a be j(6). Let r = 21 + -11. What is the remainder when 0 + -2*a/(-4) is divided by r?
7
Let h(t) = t**2 - 13*t + 52. Calculate the remainder when h(7) is divided by 8.
2
Let j(h) = -h**3 + 2*h**2 + 3*h - 3. Let w be j(2). Suppose 3*o + 33 + 6 = w*z, z - 3*o - 15 = 0. What is the remainder when 21 is divided by z?
9
Let v(d) = 7*d - 9. Let m be v(10). Let k = m - 16. Suppose 0 = -2*q + t + 5 + k, -4*t + 75 = 3*q. Calculate the remainder when q is divided by 14.
11
Suppose -4*m - 3 = -23. Let h = m - 9. Calculate the remainder when 11 is divided by 1 + (-1 - h)*1.
3
Let j = 21 + -29. Calculate the remainder when 54 is divided by ((-4)/(-3))/(j/(-84)).
12
Let q(k) = 2*k**3 - 8*k**2 - 14*k + 10. Calculate the remainder when q(6) is divided by 27.
16
Suppose 8*f - 2015 = -599. Calculate the remainder when f is divided by 36.
33
Let f = -123 - -132. What is the remainder when f is divided by ((-2)/3)/((-1)/9)?
3
Suppose 0 = -2*j - 3*j + 25, j - 1205 = -4*r. Suppose -b - 3*b = -r. What is the remainder when b is divided by 19?
18
Let u = 25 + -8. Suppose 2*y - 50 = 4*v, -5*y + v - 3*v = -173. What is the remainder when y is divided by u?
16
Let c be 1 - 0 - (-37 - 0). Suppose 1 + c = t. Suppose -3*y - t = -4*y. Calculate the remainder when y is divided by 20.
19
Let u(y) = 2*y**2 + 4*y. Calculate the remainder when u(-3) is divided by 2.
0
Let u = 21 + 4. Calculate the remainder when u is divided by 88/10 - 1/(-5).
7
Let t = 141 + -96. What is the remainder when t is divided by 24?
21
Let y(l) = l**3 - 28*l**2 + 55*l - 20. What is the remainder when y(26) is divided by 20?
18
Let j be (-1)/2 - (-10)/4. Let k = -9 + 12. Suppose -k*h = -j*h - 9. What is the remainder when 16 is divided by h?
7
Let h(m) = 6*m - 26. What is the remainder when 63 is divided by h(8)?
19
Let t = 74 + 1. What is the remainder when t is divided by 19?
18
Let x(a) = 2*a**3 - 7*a**2 - 7. Let d be x(5). Suppose 3*j + j = d. What is the remainder when 32 is divided by j?
15
Suppose -27 = -f - 2*f. Let j = f + -3. Suppose 5*v + j - 16 = 0. What is the remainder when v is divided by 2?
0
Let q(d) = -4*d - 18. What is the remainder when q(-12) is divided by 8?
6
Let w(z) = z + 1. Let j be w(3). Let f(d) = 5*d - 6. Calculate the remainder when f(j) is divided by 3*-10*(-1)/6.
4
Suppose -j + 11 = -2. Calculate the remainder when 51 is divided by j.
12
Suppose 2*u + 4*f = 46, -3*f + 41 = 5*u - 102. Let a = 43 - 32. What is the remainder when u is divided by a?
9
Let m = -117 - -130. What is the remainder when m is divided by 8?
5
Suppose 46 - 156 = -5*b. Suppose -p + 4*h = -b, -2 = 3*p + h - 3. Calculate the remainder when 3 is divided by p.
1
Let d(i) = -8*i + 13. What is the remainder when d(-4) is divided by 16?
13
Suppose -m = 4*r - 7 - 16, 0 = 2*r + 2*m - 10. Let g(t) = t**3 - 4*t**2 - 2*t. What is the remainder when g(5) is divided by r?
3
Let r(g) = -g**2 + 10*g + 15. Let o be r(11). Suppose -4 = -o*z + 2*z. Calculate the remainder when 2 is divided by z.
0
Let q = 37 - 17. Suppose 3*r + r - 308 = 0. What is the remainder when r is divided by q?
17
Let t be 3/((-2)/(-4) + 1). Suppose h - 3 = t. Calculate the remainder when 9 is divided by h.
4
Suppose -12*j + 635 = -685. Calculate the remainder when j is divided by 37.
36
Let m be (94 - (-2 - 0)) + -2. Suppose a - m = -4*s - 0*a, -3*s - 4*a = -64. Calculate the remainder when s is divided by (-2)/3 - (-82)/6.
11
Let n(k) be the second derivative of k**4/12 + 2*k**3/3 + 2*k**2 + 3*k. Calculate the remainder when n(-6) is divided by 9.
7
Suppose 0 = 4*d - q - q - 16, -3*q = 2*d - 8. Suppose 0*h + d = h. Suppose -5*o + h = -26. Calculate the remainder when o is divided by 4.
2
Suppose 2*c - 4*q + 12 = -0*c, c + 1 = q. Suppose c*j = -5*t + 81, 0*t + 29 = j + 3*t. What is the remainder when 39 is divided by j?
11
Let p(c) = 17*c - 1. What is the remainder when 77 is divided by p(1)?
13
Suppose 11 = 3*a - 2*a. Let b be -2 + ((-24)/2)/(-3). Suppose -2*o - 28 = -5*g, b*g + o - 4 = -0*g. What is the remainder when a is divided by g?
3
Suppose -4*k = -2*m - 11 - 5, 4*k + 2*m = 16. Suppose -d + 2 = 0, -5*v + 14 = -3*v + d. Suppose -2 = -4*l + v. Calculate the remainder when k is divided by l.
0
Suppose f + 2*b = 31, 3*b + 34 = -0*f + 2*f. What is the remainder when 342 is divided by f?
20
Suppose 47 - 17 = 5*d. Suppose 2*u - d*u = -36. Calculate the remainder when 16 is divided by u.
7
Let k(l) = -l**3 - 3*l**2 + 2*l - 5. Suppose -4*m = 21 - 5. Let q(a) = 5*a - 3. Calculate the remainder when q(2) is divided by k(m).
1
Let c = 20 - 10. What is the remainder when c is divided by 4?
2
Let j = -13 + 18. Suppose a + j*h - 34 = 0, 5*a + h - 50 = -0*h. Let v = 17 - a. Calculate the remainder when 23 is divided by v.
7
Suppose -2*j + 10*j = 104. What is the remainder when 76 is divided by j?
11
Suppose -3*m - 4*v + 69 = 0, -m = -6*m + 4*v + 115. Suppose 0*d + m = o + 2*d, -o = 5*d - 35. What is the remainder when 44 is divided by o?
14
Let k = -29 - -272. Suppose -3*a = -5*q - 7*a + k, -139 = -3*q + a. Calculate the remainder when q is divided by 25.
22
Suppose -7 - 25 = -4*n. Calculate the remainder when n is divided by 5.
3
Let l(y) = y**2 - 4*y - 5. Let r be l(-5). Let z = -42 - -20. Let o = r + z. Calculate the remainder when 52 is divided by o.
16
Suppose -q - p + 106 = 3*q, -3*q + 2*p = -74. Calculate the remainder w